- 26, -4*s + 70 = -y + 3*y. Let h = -446 - -470. Calculate the greatest common factor of h and s.
8
Suppose -11*a + 34 - 56 = 0. Let g(v) = -v**3 - v**2 - 3. Let p be g(a). What is the highest common factor of p and 37?
1
Suppose 129*a - 958717 = -90*a + 226511. Calculate the greatest common factor of 48 and a.
12
Let h = 10826 - 10511. Calculate the greatest common divisor of h and 525.
105
Let a be -5 + (-70)/(-15) - (-3)/9. Suppose -85*r + 66*r + 1748 = a. Calculate the highest common factor of r and 184.
92
Let z(f) = f**2 - 170*f - 320. Let g be z(-2). What is the greatest common divisor of g and 13308?
12
Let g = 15222 - 15215. Calculate the greatest common divisor of g and 7266.
7
Let y(s) = -s**2 + 35*s + 8. Let x be y(0). What is the highest common factor of 272 and x?
8
Let m(d) = -10*d - 820. Let j be m(-108). Calculate the highest common factor of j and 2665.
65
Let i = -2945 - -2964. Suppose -13 - 25 = -v. Calculate the greatest common factor of i and v.
19
Suppose -3*x - g = -14, -3 - 3 = -3*g. Let h be 103/(5*x/20). What is the highest common factor of h and 103?
103
Let u(w) = w**2 + 22*w + 96. Let r be u(-16). Suppose -4*v + 159 + 113 = r. What is the highest common divisor of 102 and v?
34
Suppose 5*z = -15, -4*u - 2*z + 3 = 1. Let q be u/1*(-18)/(-4). Let o = -21300 - -21363. What is the highest common divisor of q and o?
9
Suppose -147504 + 5554 + 38 = -24*c. What is the highest common divisor of 405 and c?
81
Let f(w) = -174*w - 339. Let z be f(-5). What is the highest common divisor of z and 9?
9
Let s be -5 - (6370/(-55) + 18/(-99)). Suppose -t = -3*t + 6. What is the greatest common divisor of s and t?
3
Let q(n) = -40*n + 3716. Let k be q(84). Calculate the greatest common factor of 6675 and k.
89
Let y(g) = 2*g**3 + g**2 + 3*g + 1. Let o be y(3). Let q = 105 + o. Suppose z = -3*t + 182, 3*t + z + q = 6*t. What is the greatest common divisor of 20 and t?
20
Let s be (7/14)/((-2)/4). Let q = -630 - -1015. Let w be q/10 - s/(-2). What is the highest common divisor of w and 95?
19
Let o = -4609 - -4991. Calculate the greatest common factor of 2 and o.
2
Let v = -241 + 244. Suppose -2*j - 1223 = -2*z - v*j, -3*z + 2*j + 1838 = 0. Calculate the highest common divisor of 72 and z.
36
Let z be (50/(-12))/((-3)/18). Suppose 3*q = 4*q - 3*f, 0 = -3*q + 4*f + z. Suppose -17*a + q*a = -468. Calculate the highest common factor of 26 and a.
26
Suppose 4293 = h + 5*f, -24*h - 3*f = -28*h + 17195. What is the greatest common factor of h and 14?
14
Let z(v) be the first derivative of -v**4/2 - 11*v**3/3 + 17*v**2/2 + 20*v - 56. Let w be z(-7). What is the highest common factor of 192 and w?
48
Suppose 2*c = -4*n + 108, -94*c - 12 = -97*c. What is the highest common factor of n and 32?
1
Suppose -4*p + 25 = -15. Let z(b) = 20*b - 31. Let h be z(p). What is the highest common factor of h and 13?
13
Let b = -21 + 24. Suppose -4*n + d = -b*d - 328, -d = 4*n - 318. Let h = -82 - -102. What is the highest common divisor of n and h?
20
Let m(a) = -77*a - 42*a - 43 + 6*a + 11*a - 4*a. Let n be m(-3). Calculate the highest common divisor of n and 100.
25
Suppose 351204 = 386*m - 433534. What is the highest common divisor of m and 107?
107
Let v = -7 - 3. Let q be (5*216/300)/((-2)/60). Let j be q/15*v/3. What is the greatest common factor of 3 and j?
3
Suppose -2*c = -3*y + 25 + 11, 0 = -5*c. Let i = -1773 + 1785. Calculate the greatest common factor of i and y.
12
Suppose 15*l - 4291 - 1715 = -441. Calculate the greatest common factor of 106 and l.
53
Suppose 7 = -v + 3*j, -4*v + j - 7 = -1. Let p be 0 - -1*v/1. Let t = p - -9. What is the highest common factor of t and 2?
2
Let s be (-2993)/(-730) + (-1)/10. Suppose 5*w = s*z + 6*w - 1505, 5*z - 1882 = -w. What is the highest common divisor of z and 87?
29
Let s be (-8)/6*(-135)/(-30). Let q be 5*((-72)/10)/s. Let p be 2/11 - 2172/(-33). Calculate the highest common divisor of q and p.
6
Let j be (12/21)/((-5462)/(-455) - 12). Calculate the greatest common divisor of j and 20.
10
Let z(w) be the second derivative of w**3/6 + 11*w**2/2 - 14*w. Let q be z(-2). Let h be (-711)/(-81) - (-2)/q. What is the greatest common factor of 27 and h?
9
Suppose -4*u + 1054 = 86. Let x = -197 + u. What is the greatest common divisor of x and 27?
9
Let g be 54/(-405) - (-1055)/(-75)*-62. What is the highest common factor of 3379 and g?
109
Suppose -o + 863 = -119*y + 118*y, 4*o - 2*y = 3454. Calculate the greatest common divisor of 132 and o.
12
Let q(p) = -p**3 - p**2 + 247. Let k be (-10 + 10)/(2 - 4 - -3). Let f be q(k). Calculate the greatest common divisor of f and 26.
13
Let t = -367 - -927. What is the greatest common factor of t and 520?
40
Let p(s) = -2*s**2 + 40*s + 212. Let i be p(-4). What is the greatest common divisor of 390 and i?
10
Suppose -200 - 85 = 5*h. Let l = h - -29. Let y = -24 - l. What is the greatest common divisor of 32 and y?
4
Let k(y) = 1193*y**2 - 320*y + 2. Let g be k(2). Calculate the highest common divisor of 78 and g.
78
Suppose 6*c - 1941 = -1623. Let k(p) = -2*p**3 - 4*p**2 - 10*p + 12. Let o be k(-5). What is the highest common divisor of o and c?
53
Let b = -970 - -1072. Let y = 110 + -42. Calculate the highest common factor of y and b.
34
Let b be ((-8)/10)/(-4 + 152/40). Let o be (-2 + 6)*(6 - (-222)/b). What is the highest common divisor of o and 82?
82
Let g be ((-85)/(-34))/(1/2). Let w(b) = b**2 + 3*b. Let y be w(-3). Suppose -4*t + 7 = 5*m - 55, y = -3*t + 9. What is the greatest common factor of g and m?
5
Let s = -27 + 34. Let m = 22 - -69. Calculate the highest common divisor of s and m.
7
Let x(j) = -3 + 4*j**2 + 14*j - 1 + 5 + 20. Let t be x(-8). What is the greatest common divisor of t and 66?
33
Suppose -7 = 14*c - 7. Suppose 23*q + 9*q - 7072 = c. What is the greatest common divisor of 13 and q?
13
Suppose l - 95 - 141 = -5*q, 4*q = -2*l + 184. Let k = -152 + 164. What is the greatest common factor of k and q?
12
Suppose -4*p = -j + 1067, -p = j + p - 1049. Suppose -3*k + j = 398. Suppose 2*w = 117 + k. What is the highest common factor of w and 42?
42
Let n be -11*(-1)/(0 + 1). Let f(g) = -2*g**2 - 8*g - 1. Let y be f(-7). Let x = y - -120. What is the highest common factor of n and x?
11
Let q = -41 - 127. Let y = -357 + 353. Let l be y + 0 - q/2. What is the greatest common factor of 32 and l?
16
Suppose -27103*y - 1224 = -27120*y. What is the greatest common divisor of 5724 and y?
36
Let z(k) = -k**2 + 28*k - 117. Let a be z(22). Calculate the highest common factor of 6225 and a.
15
Let s be 3/((-52)/18 - -3). Suppose 656 = s*w - 19*w. What is the greatest common factor of w and 41?
41
Suppose -b + 3*p + 72 = 0, 21*p - 17*p = b - 80. Let a be 0 - (-22 + 4/(-2)). What is the greatest common divisor of b and a?
24
Let q(n) = 3*n. Let w be q(3). Suppose -8*u + 16*u = -8, -2*u + 1942 = 4*o. What is the greatest common divisor of w and o?
9
Let y be ((-150)/(-175))/(4/(-28)) + 3566. Calculate the highest common divisor of y and 40.
40
Let i = 7 - 10. Let b be 1 - (14/(-2) - i). Let w = 158 + -153. What is the highest common divisor of b and w?
5
Suppose -52*y + 28*y = -44400. Suppose -k = -5*s + 3595 - 541, 0 = -3*s + 5*k + y. What is the greatest common divisor of s and 10?
10
Let w(m) = 11*m - 141. Let x be w(13). Let n be (322/(-21) + x)*(-1 - 2). Calculate the greatest common factor of 8 and n.
8
Let n be ((-1)/(3807/(-3792) + 1))/((-1)/(-15)). Calculate the highest common divisor of 79 and n.
79
Let b = 2309 - 1623. What is the highest common divisor of 196 and b?
98
Let j be -1*(4/18)/((-92)/(-414)). Suppose -3*w = z - 6, 0 = -4*z - 5*w + 17 + 42. Let r = z - j. What is the highest common divisor of r and 198?
22
Let t = 175 - 157. Let b = t + -4. Calculate the highest common divisor of b and 14.
14
Let d be (0/(5 + -4))/(-2). Suppose d = 20*r - 99 - 301. What is the greatest common divisor of 15 and r?
5
Suppose 348 = -6*b + 4*b. Let s = 199 + b. Calculate the highest common divisor of s and 10.
5
Suppose 5*s - 14 = -p, -3*s - 14 = -p + s. Let l(g) = 9*g**2 - 12 + 5 - 11*g**2 + p*g - 4. Let n be l(6). What is the highest common factor of 4 and n?
1
Let z = 3635 - 3314. What is the highest common factor of z and 3?
3
Let p be (2/(-2)*-3)/(384/2